24
Let g(n) = n**2 - 3*n - 2. Calculate g(0).
-2
Let u(n) = -15*n**2 + 5*n - 6. Determine u(1).
-16
Let q(x) = -x**2 + 3*x + 6. Determine q(4).
2
Let x(l) = 3*l**2 - 11*l - 7. Give x(4).
-3
Let d(c) = 4*c + 7. Give d(7).
35
Let r(o) = o**2 - 8*o + 6. What is r(6)?
-6
Let z(h) = -2*h**2 + 5*h - 15. Determine z(6).
-57
Let v(j) = 4*j**2 - 2*j - 3. What is v(-2)?
17
Let x(w) = w**2 - 11*w - 46. Determine x(17).
56
Let c(q) = q**3 - 2*q**2 - 15*q + 8. Give c(5).
8
Let k(x) = -x**3 + 4*x**2 - 7*x - 1. What is k(5)?
-61
Let n(g) = -2*g + 2. Give n(13).
-24
Let o(i) = -66*i + 9. Give o(-2).
141
Let v(a) = -a**3 + 6*a - 3. Determine v(4).
-43
Let c(u) = u**2 + 18*u + 32. What is c(-8)?
-48
Let v(z) = -19*z + 13. Determine v(3).
-44
Let p(x) = -3*x - 29. Give p(-8).
-5
Let k(s) = -2*s**2 - 9*s - 10. Give k(-7).
-45
Let j(q) = -q - 55. Calculate j(-20).
-35
Let y(x) = -x**2 + 6*x - 4. Determine y(4).
4
Let p(u) = 59*u + 701. Determine p(-12).
-7
Let f(t) = 5*t + 112. Calculate f(-20).
12
Let v(x) = -x - 18. Give v(-15).
-3
Let w(f) = -5*f**2 - f - 1. Determine w(-1).
-5
Let t(u) = -u**3 + 10*u**2 + 13*u - 22. What is t(11)?
0
Let a(x) = x**2 + x - 21. Determine a(5).
9
Let l(b) = -16*b - 242. What is l(-15)?
-2
Let t(z) = -2*z**2 - 46*z + 104. Give t(-25).
4
Let p(z) = 24*z - 3. Calculate p(2).
45
Let h(x) = -14*x**2 - x - 2. What is h(-1)?
-15
Let l(q) = -q**2 - 5*q - 2. What is l(-3)?
4
Let n(q) = -q - 13. Give n(-7).
-6
Let t(g) = g**2 + 108*g - 1180. Determine t(10).
0
Let c(v) = 2*v**3 - 5*v**2 - v - 3. What is c(3)?
3
Let v(r) = -30*r - 15. Calculate v(-3).
75
Let w(x) = -x**3 + 8*x**2 - 4*x + 26. Determine w(8).
-6
Let q(c) = -49*c + 1371. Give q(28).
-1
Let g(p) = -7*p + 42. Determine g(6).
0
Let p(j) = -j**3 - j**2. Calculate p(-1).
0
Let s(l) = -4*l + 7. Give s(4).
-9
Let n(b) = -7*b - 49. Determine n(-6).
-7
Let a(y) = 21*y + 6. Calculate a(-3).
-57
Let w(h) = 7*h**2 - 25*h + 1. Give w(2).
-21
Let w(l) = l**2 + 12*l - 2. What is w(-9)?
-29
Let y(w) = 2*w**2 - 9*w + 10. Determine y(6).
28
Let n(t) = -t**3 - 13*t**2 + 28*t + 21. What is n(-14)?
-175
Let u(y) = 2*y**2 + 27*y + 74. Calculate u(-11).
19
Let f(j) = 3*j**2 - 16*j - 13. Give f(6).
-1
Let o(h) = h**3 + 8*h**2 + 3*h + 4. Determine o(-8).
-20
Let p(n) = -3*n**2 - 23*n - 24. Calculate p(-7).
-10
Let a(h) = -10*h - 258. Give a(-27).
12
Let j(i) = -i**3 + 12*i**2 + 21*i - 105. What is j(13)?
-1
Let f(x) = 2*x**2 - 18*x - 123. Determine f(-5).
17
Let y(a) = 6*a + 36. What is y(-8)?
-12
Let v(z) = 23*z**2 + 711*z - 62. Calculate v(-31).
0
Let d(f) = 3*f**2 + 65*f - 30. What is d(-22)?
-8
Let j(i) = -5*i + 14. Determine j(1).
9
Let w(l) = -7*l - 1. Determine w(-3).
20
Let r(a) = -a - 3. Give r(-6).
3
Let c(a) = 2*a**3 + a**2 + 4*a + 7. What is c(-2)?
-13
Let j(m) = 7*m - 22. Give j(9).
41
Let m(g) = -15*g + 281. Calculate m(19).
-4
Let p(r) = -7*r - 16. What is p(-2)?
-2
Let p(z) = -z**2 - 14*z - 51. Give p(-9).
-6
Let o(h) = -h**3 - 2*h**2 - 4*h + 3. What is o(3)?
-54
Let r(i) = -2*i**2 + 74*i - 67. Calculate r(36).
5
Let u(n) = -9*n + 6. Calculate u(0).
6
Let v(m) = 39*m**2 - 5*m - 4. What is v(-1)?
40
Let c(k) = -4*k**2 - 23*k - 2. What is c(-6)?
-8
Let g(a) = -a**3 + 2*a**2 + 6*a + 3. Determine g(4).
-5
Let j(m) = -m**3 - 8*m**2 + 5*m - 2. Give j(-7).
-86
Let n(t) = -61*t - 10. Give n(2).
-132
Let k(b) = b**3 - b**2 - 2*b + 9. What is k(0)?
9
Let z(j) = 2*j**2 - 7*j + 11. Determine z(3).
8
Let d(b) = 4*b**2 + 16*b + 7. What is d(-3)?
-5
Let j(w) = -21*w + 375. What is j(18)?
-3
Let l(o) = 4*o - 99. Determine l(24).
-3
Let q(t) = t**2 + 38*t + 180. Calculate q(-32).
-12
Let b(h) = -h**3 - 6*h**2 + 5. Calculate b(-3).
-22
Let j(k) = -2*k**2 - 10*k + 8. Give j(-6).
-4
Let t(m) = -m + 11. Give t(5).
6
Let z(d) = 8*d + 2. Give z(-3).
-22
Let c(t) = -43*t + 27. Give c(2).
-59
Let n(a) = a**2 - 3*a + 3. Calculate n(9).
57
Let w(f) = -2*f - 3. Calculate w(-7).
11
Let f(d) = -d**3 + 15*d**2 - 16*d + 3. Give f(14).
-25
Let t(i) = -5*i**3 + 75*i**2 + i + 37. Give t(15).
52
Let w(x) = x - 63. Calculate w(22).
-41
Let l(u) = -31*u + 59. What is l(2)?
-3
Let j(m) = -16*m**2 - m - 1. Give j(-1).
-16
Let t(i) = i**3 - 14*i**2 - 3*i + 27. Give t(14).
-15
Let s(j) = 3*j**2 + 131*j - 37. Determine s(-44).
7
Let x(s) = -s**2 + 2*s - 6. Determine x(4).
-14
Let f(v) = 2*v**3 - 9*v**2 - 8*v + 18. What is f(5)?
3
Let x(m) = -m**3 + 8*m**2 - 17*m + 32. Determine x(6).
2
Let y(f) = 2*f - 10. Calculate y(10).
10
Let f(z) = z**3 - 4*z**2 + z + 1. Give f(4).
5
Let d(m) = -4*m + 65. What is d(20)?
-15
Let n(w) = w**2 + 16*w + 8. Calculate n(-14).
-20
Let k(j) = j**2 - j - 4. What is k(4)?
8
Let r(a) = -a + 4. Calculate r(4).
0
Let d(g) = g - 17. Give d(13).
-4
Let x(h) = 3*h - 3. Calculate x(0).
-3
Let s(w) = -w**3 - 5*w**2 + 6*w - 5. Determine s(-6).
-5
Let r(o) = o**3 + o**2 - 6*o - 3. What is r(-2)?
5
Let y(h) = -h**2 - 5*h - 19. What is y(0)?
-19
Let s(f) = -2*f + 27. Calculate s(16).
-5
Let v(d) = 12*d - 5. What is v(-1)?
-17
Let f(l) = l**3 + 9*l**2 + 16*l + 10. Determine f(-7).
-4
Let p(t) = -t**3 - 2*t**2 - 2*t + 1. What is p(-2)?
5
Let o(n) = -n**2 + 4*n - 5. Determine o(5).
-10
Let d(t) = -t**2 - 12*t + 32. What is d(-16)?
-32
Let t(p) = 2*p**3 - 34*p**2 - 2*p + 4. Give t(17).
-30
Let p(m) = m**3 - 11*m**2 - 31*m + 68. Calculate p(13).
3
Let l(u) = -u - 21. Calculate l(-17).
-4
Let t(m) = m**2 - 2*m + 5. Calculate t(6).
29
Let z(g) = -g**3 - 7*g**2 + 5*g + 3. Determine z(-7).
-32
Let b(r) = 3*r**2 - 3*r + 3. Give b(2).
9
Let x(r) = 3*r**2 - 24*r + 39. Give x(3).
-6
Let s(t) = 48*t**2 - t. Calculate s(-1).
49
Let w(l) = 5*l. What is w(-5)?
-25
Let q(l) = -l**3 + 6*l**2 - 9*l + 14. Calculate q(5).
-6
Let s(j) = j**2 + 4*j + 1. Determine s(-4).
1
Let k(l) = -l**3 - 5*l**2 - 7*l - 12. Determine k(-6).
66
Let i(b) = -b**2 + 3*b + 16. Determine i(5).
6
Let g(f) = f**3 + 5*f**2 - 6*f - 8. Calculate g(-6).
-8
Let y(s) = -13*s + 1. What is y(2)?
-25
Let d(v) = v**2. Give d(0).
0
Let r(w) = -w**2 + 5*w + 13. Calculate r(7).
-1
Let d(u) = u**2 + 7*u + 23. What is d(-11)?
67
Let v(l) = 4*l**2 - 2*l - 2. Calculate v(3).
28
Let v(j) = j**2 + 14*j + 9. Give v(-13).
-4
Let c(a) = -2*a. What is c(2)?
-4
Let m(f) = f + 37. Give m(-54).
-17
Let d(a) = 2*a**2 + 12*a + 6. What is d(-8)?
38
Let y(f) = f**3 + f**2 - 6. What is y(2)?
6
Let v(a) = a**3 - 5*a**2 + 6*a + 1. Determine v(3).
1
Let f(n) = -n - 5. Determine f(-11).
6
Let p(v) = v**3 - 11*v**2 - 25*v + 1. Calculate p(13).
14
Let s(v) = -v**3 + 11*v**2 - 4*v - 26. What is s(10)?
34
Let h(x) = 2*x + 19. Give h(-6).
7
Let j(m) = -55*m + 2. Calculate j(1).
-53
Let q(a) = 3*a**3 + 115*a**2 + 36*a - 87. Give q(-38).
-11
Let c(m) = -m**3 - 8*m**2 - 4*m + 16. What is c(-7)?
-5
Let y(a) = -a**3 - 8*a**2 + 5*a + 10. What is y(-8)?
-30
Let z(l) = -49*l - 5. Determine z(-2).
93
Let v(p) = -p**3 + 9*p**2 - 4*p - 13. What is v(8)?
19
Let j(a) = -a**2 - 11*a - 3. Give j(-5).
27
Let h(w) = 47*w + 1. Determine h(-1).
-46
Let m(g) = g - 17. Give m(8).
-9
Let t(q) = q**2 + 25*q + 78. Determine t(-4).
-6
Let v(x) = -2*x - 5. Give v(-10).
15
Let r(w) = w**3 + 12*w**2 + 22*w + 15. What is r(-10)?
-5
Let s(k) = 2*k**3 + 24*k**2 - k + 5. Determine s(-12).
17
Let w(i) = -i**3 + 7*i**2 + 5. Calculate w(7).
5
Let n(k) = -k**2 - 8*k - 6. Give n(-5).
9
Let m(h) = -23*h + 326. Give m(13).
27
Let j(f) = f**3 - 10*f**2 - 3*f - 7. Give j(10).
-37
Let t(b) = -b**2 - 59*b - 319. Give t(-53).
-1
Let w(y) = -y**3 + 7*y**2 - 2*y - 1. Determine w(3).
29
Let f(p) = -p**3 - 6*p**2 - 4*p - 9. What is f(-5)?
-14
Let p(j) = 104*j + 95. What is p(-1)?
-9
Let k(o) = -o**3 + 11*o**2 - 18*o - 75. Calculate k(7).
-5
Let i(n) = n**2 - 10*n - 14. Calculate i(12).
10
Let x(k) = 123*k**2 + k + 3. What is x(-1)?
125
Let v(l) = l**3 - 4*l**2 - 2*l + 1. Determine v(4).
-7
Let g(r) = -3*r**3 - 14*r**2 - 15*r + 4. What is g(-3)?
4
Let t(a) = -38*a + 257. Calculate t(7).
-9
Let k(h) = 29*h - 1. Give k(2).
57
Let d(b) = b**2 + 4*b - 5. Determine d(-6).
7
Let g(c) = -2*c**3 + 10*c**2 - 10*c + 14. Determine g(4).
6
Let w(s) = -49*s + 290. Calculate w(6).
-4
Let n(m) = 2*m**3 - m**2 - m + 2. Give n(-2).
-16
Let n(q) = -4*q**3 + 2*q**2 - 2*q + 2. Give n(2).
-26
Let x(l) = 3*l + 6. What is x(-5)?
-9
Let z(s) = -s**3 - 11*s**2 - s -